{"id":60,"date":"2017-03-02T10:33:20","date_gmt":"2017-03-02T10:33:20","guid":{"rendered":"http:\/\/psychotherapie-pilger.de\/?page_id=60"},"modified":"2022-05-10T07:52:16","modified_gmt":"2022-05-10T07:52:16","slug":"schwerpunkte","status":"publish","type":"page","link":"http:\/\/psychotherapie-pilger.de\/?page_id=60","title":{"rendered":"Psychoonkologie"},"content":{"rendered":"<p>Eine Krebsdiagnose zu erhalten, beschreiben viel Betroffene als tiefen Einschnitt in ihr Leben und als eine enorme Ersch\u00fctterung f\u00fcr sie und ihre Angeh\u00f6rigen. \u201eEs ist, als ob man den Boden unter den F\u00fcssen weggezogen bekommt\u201c sagen Viele. Die Diagnose und Therapie erfordert Ver\u00e4nderungsprozessen, die unterschiedliche Bereiche des Alltags betreffen k\u00f6nnen. Es tauchen viele Fragen, Unsicherheiten und \u00c4ngste auf: \u201eWie geht es weiter, welche Therapien werden auf mich zukommen, werde ich wieder gesund, wie sage ich es meiner Familie, wer k\u00fcmmert sich um den Haushalt oder die Kinder, kann ich weiter arbeiten, muss ich sterben\u2026?<\/p>\n<p>Seit vielen Jahren arbeite ich als Psychoonkologin in der Begleitung von Krebspatienten und deren Angeh\u00f6rigen. In jeder Phase der Erkrankung kann eine psychoonkologische Betreuung sinnvoll sein. Die Unterst\u00fctzung kann eine Hilfestellung in der Krankheitsverarbeitung bis hin zur Krisenbew\u00e4ltigung beinhalten. Orientiert an den individuellen Bed\u00fcrfnissen der Patienten und deren Angeh\u00f6rigen wird mein Angebot ausgerichtet, da jeder Mensch anders mit der Erkrankung umgeht, bzw. es ihn in unterschiedlichen Lebenssituationen trifft. Alleine oder gemeinsam mit der Familie k\u00f6nnen belastende Themen in den Gespr\u00e4chen bearbeitet werden. Aufbauend auf individuellen Ressourcen der Patienten, findet eine supportive Therapie statt. Themen k\u00f6nnen u.a. die Verarbeitung der Diagnose &#8222;Krebs&#8220;, die Bew\u00e4ltigung der medizinischen-onkologischen Therapie, bis hin zur Unterst\u00fctzung in der letzten Lebensphase sein.<\/p>\n<p>Auch die Unterst\u00fctzung in der Trauerphase nach dem Verlust eines nahestehenden Menschen, geh\u00f6rt zu meinem Angebot.<\/p>\n<p>\u00a0<\/p>\n<p><strong>Hypnose und Hypnotherapie bei Krebserkrankungen<\/strong><\/p>\n<p>In der Krankheitsbew\u00e4ltigung bei Krebspatienten und Krebspatientinnen kann auch Hypnose erfolgreich eingesetzt werden. Bei der Verarbeitung des Diagnoseschocks, in der Therapiebegleitung z.B. bei \u00c4ngsten oder k\u00f6rperlichen Symptomen wie Schmerzen oder \u00dcbelkeit als Folge der Therapienebenwirkungen, sowie bei der Vorbereitung auf aufwendigen, z.T. angstausl\u00f6senden Untersuchungen wie CT oder MRT wird Hypnose oft als sehr \u00a0hilfreich empfunden und eingesetzt. Dar\u00fcber hinaus zeigten sich auch sehr positive Effekte der Hypnose bzgl. dem chronischen Ersch\u00f6pfungssyndrom (cancer-related Fatiguesyndrom).<\/p>\n<p>\u00a0<\/p>\n<p>\u00a0<\/p>\n\n\n<p><\/p>\n","protected":false},"excerpt":{"rendered":"<p>Eine Krebsdiagnose zu erhalten, beschreiben viel Betroffene als tiefen Einschnitt in ihr Leben und als eine enorme Ersch\u00fctterung f\u00fcr sie und ihre Angeh\u00f6rigen. \u201eEs ist, als ob man den Boden unter den F\u00fcssen weggezogen bekommt\u201c sagen Viele. Die Diagnose und Therapie erfordert Ver\u00e4nderungsprozessen, die unterschiedliche Bereiche des Alltags betreffen k\u00f6nnen. Es tauchen viele Fragen, Unsicherheiten &#8230;<\/p>\n","protected":false},"author":1,"featured_media":0,"parent":0,"menu_order":0,"comment_status":"closed","ping_status":"closed","template":"","meta":{"footnotes":""},"class_list":["post-60","page","type-page","status-publish","hentry"],"_links":{"self":[{"href":"http:\/\/psychotherapie-pilger.de\/index.php?rest_route=\/wp\/v2\/pages\/60","targetHints":{"allow":["GET"]}}],"collection":[{"href":"http:\/\/psychotherapie-pilger.de\/index.php?rest_route=\/wp\/v2\/pages"}],"about":[{"href":"http:\/\/psychotherapie-pilger.de\/index.php?rest_route=\/wp\/v2\/types\/page"}],"author":[{"embeddable":true,"href":"http:\/\/psychotherapie-pilger.de\/index.php?rest_route=\/wp\/v2\/users\/1"}],"replies":[{"embeddable":true,"href":"http:\/\/psychotherapie-pilger.de\/index.php?rest_route=%2Fwp%2Fv2%2Fcomments&post=60"}],"version-history":[{"count":15,"href":"http:\/\/psychotherapie-pilger.de\/index.php?rest_route=\/wp\/v2\/pages\/60\/revisions"}],"predecessor-version":[{"id":272,"href":"http:\/\/psychotherapie-pilger.de\/index.php?rest_route=\/wp\/v2\/pages\/60\/revisions\/272"}],"wp:attachment":[{"href":"http:\/\/psychotherapie-pilger.de\/index.php?rest_route=%2Fwp%2Fv2%2Fmedia&parent=60"}],"curies":[{"name":"wp","href":"https:\/\/api.w.org\/{rel}","templated":true}]}}